
55
What is the remainder when 1016508 is divided by 258?
246
Calculate the remainder when 2295340 is divided by 3028.
116
Calculate the remainder when 12435756 is divided by 829050.
6
Calculate the remainder when 2739756 is divided by 1037.
2
What is the remainder when 14991 is divided by 2521?
2386
What is the remainder when 2699926 is divided by 1083?
7
What is the remainder when 34184916 is divided by 433?
432
What is the remainder when 2092521 is divided by 2785?
986
Calculate the remainder when 1849850 is divided by 4.
2
What is the remainder when 190993 is divided by 3021?
670
Calculate the remainder when 182668800 is divided by 1882.
1880
Calculate the remainder when 55024681 is divided by 133880.
1
What is the remainder when 2322438 is divided by 91?
27
What is the remainder when 160904575 is divided by 244?
239
Calculate the remainder when 40914 is divided by 35895.
5019
What is the remainder when 781160 is divided by 3701?
249
What is the remainder when 18220 is divided by 2548?
384
What is the remainder when 117870 is divided by 11759?
280
Calculate the remainder when 11178 is divided by 1751.
672
Calculate the remainder when 507747 is divided by 505267.
2480
What is the remainder when 6431825 is divided by 643182?
5
Calculate the remainder when 25220 is divided by 98.
34
Calculate the remainder when 67123 is divided by 693.
595
What is the remainder when 800025 is divided by 18?
15
Calculate the remainder when 115208 is divided by 263.
14
Calculate the remainder when 86135 is divided by 5958.
2723
What is the remainder when 336537 is divided by 790?
787
What is the remainder when 471992 is divided by 7866?
32
What is the remainder when 1003474 is divided by 7214?
728
Calculate the remainder when 186795 is divided by 122.
13
Calculate the remainder when 11784722 is divided by 157.
145
Calculate the remainder when 618565 is divided by 1486.
389
Calculate the remainder when 7520452 is divided by 1253408.
4
What is the remainder when 615299 is divided by 30?
29
What is the remainder when 48541 is divided by 1541?
770
Calculate the remainder when 2224431 is divided by 28.
27
What is the remainder when 2559163 is divided by 181?
4
What is the remainder when 1050907 is divided by 37?
33
Calculate the remainder when 2525240 is divided by 584.
24
Calculate the remainder when 797402 is divided by 152.
10
What is the remainder when 249761 is divided by 41272?
2129
What is the remainder when 559642888 is divided by 1172?
1168
Calculate the remainder when 334519 is divided by 111297.
628
What is the remainder when 2718323 is divided by 1932?
1931
Calculate the remainder when 146104 is divided by 24238.
676
Calculate the remainder when 332133 is divided by 357.
123
What is the remainder when 42119935 is divided by 1758?
13
What is the remainder when 43440 is divided by 10027?
3332
What is the remainder when 8432527 is divided by 10?
7
What is the remainder when 5143568 is divided by 698?
6
What is the remainder when 215914 is divided by 44?
6
Calculate the remainder when 32185787 is divided by 213.
209
What is the remainder when 5062023 is divided by 731?
579
Calculate the remainder when 1490721 is divided by 29229.
42
What is the remainder when 1105677 is divided by 40?
37
What is the remainder when 305483 is divided by 896?
843
What is the remainder when 33454 is divided by 8363?
2
Calculate the remainder when 37131762 is divided by 81788.
10
What is the remainder when 2028623 is divided by 1912?
1903
What is the remainder when 2021532 is divided by 5335?
4902
What is the remainder when 2359 is divided by 47?
9
What is the remainder when 49841 is divided by 662?
191
What is the remainder when 57323238 is divided by 1123985?
3
Calculate the remainder when 7111744 is divided by 2074.
2072
Calculate the remainder when 431521 is divided by 5830.
101
What is the remainder when 146738 is divided by 36647?
150
What is the remainder when 46156977 is divided by 1846278?
27
What is the remainder when 1076387 is divided by 78?
65
What is the remainder when 16711509 is divided by 44?
1
What is the remainder when 166576 is divided by 7001?
5553
What is the remainder when 1665681 is divided by 23?
21
What is the remainder when 47484513 is divided by 239?
232
What is the remainder when 19647 is divided by 19625?
22
What is the remainder when 1778291 is divided by 311?
304
What is the remainder when 10882435 is divided by 1935?
1930
What is the remainder when 6144929 is divided by 1852?
1845
What is the remainder when 1068154 is divided by 349?
214
What is the remainder when 442737 is divided by 88514?
167
Calculate the remainder when 4162003 is divided by 697.
216
Calculate the remainder when 362201 is divided by 27838.
307
What is the remainder when 22038 is divided by 1984?
214
Calculate the remainder when 1325627 is divided by 2388.
287
Calculate the remainder when 506185 is divided by 124.
17
What is the remainder when 6332558 is divided by 13?
11
Calculate the remainder when 8155691 is divided by 967.
13
Calculate the remainder when 16539761 is divided by 7747.
7663
What is the remainder when 11604810 is divided by 11?
8
Calculate the remainder when 33830269 is divided by 53.
51
What is the remainder when 293427 is divided by 2905?
22
Calculate the remainder when 142257 is divided by 720.
417
What is the remainder when 22689 is divided by 272?
113
What is the remainder when 836197 is divided by 167?
28
Calculate the remainder when 1451617 is divided by 100.
17
What is the remainder when 407678 is divided by 67886?
362
What is the remainder when 188302 is divided by 884?
10
What is the remainder when 7747530 is divided by 62480?
10
Calculate the remainder when 1742111 is divided by 386.
93
Calculate the remainder when 77753 is divided by 4771.
1417
Calculate the remainder when 15061071 is divided by 52.
51
What is the remainder when 11393199 is divided by 151909?
24
Calculate the remainder when 38830 is divided by 639.
490
Calculate the remainder when 2729411 is divided by 4438.
41
Calculate the remainder when 261707435 is divided by 3438.
3437
Calculate the remainder when 1849413 is divided by 1628.
5
Calculate the remainder when 30260030 is divided by 15129988.
54
What is the remainder when 84493 is divided by 10435?
1013
Calculate the remainder when 643079 is divided by 552.
551
What is the remainder when 193382209 is divided by 1243?
1241
Calculate the remainder when 803782 is divided by 319.
221
Calculate the remainder when 112936 is divided by 690.
466
What is the remainder when 27685 is divided by 12240?
3205
Calculate the remainder when 10774823 is divided by 165.
158
Calculate the remainder when 1522152 is divided by 217425.
177
What is the remainder when 5059027 is divided by 2457?
64
Calculate the remainder when 761491 is divided by 152291.
36
What is the remainder when 43661104 is divided by 5100?
4
What is the remainder when 82549363 is divided by 85?
83
Calculate the remainder when 9266348 is divided by 96.
44
Calculate the remainder when 17804062 is divided by 675.
262
What is the remainder when 33242 is divided by 4050?
842
Calculate the remainder when 7631536 is divided by 38.
34
What is the remainder when 3497783 is divided by 25?
8
Calculate the remainder when 2234182 is divided by 2234174.
8
What is the remainder when 923293 is divided by 43966?
7
What is the remainder when 20849 is divided by 1285?
289
What is the remainder when 110034 is divided by 5772?
366
What is the remainder when 537044 is divided by 67083?
380
Calculate the remainder when 1506867336 is divided by 109.
106
What is the remainder when 13824925 is divided by 14583?
241
Calculate the remainder when 114059 is divided by 10672.
7339
Calculate the remainder when 1843374 is divided by 462.
456
What is the remainder when 8365277 is divided by 539?
536
Calculate the remainder when 521253 is divided by 816.
645
Calculate the remainder when 1102918 is divided by 660.
58
Calculate the remainder when 772321 is divided by 11191.
142
Calculate the remainder when 123682894 is divided by 1107.
1105
What is the remainder when 30607300 is divided by 631?
14
Calculate the remainder when 2287141 is divided by 67.
29
What is the remainder when 135021008 is divided by 7127?
7120